+ -5. Suppose -3*v - o = -763, -119 = -i*v + 3*o + 397. What are the prime factors of v?
3, 5, 17
Let n(y) = 16*y**2 - 19*y - 36. Let q be n(-14). Suppose 0 = -15*t + 2304 + q. List the prime factors of t.
2, 3, 7
Let s = 8308 + -736. What are the prime factors of s?
2, 3, 631
Let c(o) = -93*o + 88. Let v be c(-9). Suppose v = 4*m - 6507. List the prime factors of m.
2, 929
Let b(l) = -804*l - 2460. List the prime factors of b(-37).
2, 3, 379
Let q be 3/((-21)/(-14) - 8/6). Suppose q*b = 6*b + 11580. What are the prime factors of b?
5, 193
List the prime factors of (2 - (-256)/(-20))*3000/(-36).
2, 3, 5
Let p(y) = -21*y - 192. Let n be p(-9). Let c(s) = 164*s**2 - 6*s - 31. What are the prime factors of c(n)?
7, 11, 19
Let c(a) be the second derivative of 1/6*a**3 + 0 + 7/2*a**2 + 11*a + 1/4*a**4. What are the prime factors of c(3)?
37
What are the prime factors of ((-7)/2)/((-2)/(-327)*168/(-1568))?
7, 109
Let v(j) = j**3 - 27*j**2 - 27*j - 18. Let l be v(28). Suppose 1322 + 3228 = l*p. List the prime factors of p.
5, 7, 13
Let u be (240/25)/((-14)/(-5) - 3). Let i = 45 + u. What are the prime factors of 2*196*(i/6)/(-1)?
2, 7
Let y be 3 - (456/1 - -2). Let q = -283 - y. What are the prime factors of q?
2, 43
Let h = 10446 - 5528. List the prime factors of h.
2, 2459
Let m be (15/(-25))/(2454/2455 + -1). Suppose 0 = -14*d + 8501 - m. What are the prime factors of d?
2, 251
Let h = -119 - -119. Let z be h/(1/3*9). Suppose u - 3*u + 490 = z. List the prime factors of u.
5, 7
What are the prime factors of -1 - (-261046)/28 - 62/868?
2, 59, 79
Suppose -21*f = -3930 + 717. List the prime factors of f.
3, 17
Suppose 53*j = 25*j + 12*j + 579424. What are the prime factors of j?
2, 19, 953
Suppose -v + 3*u = -3*v + 69, 4*v + 4*u - 132 = 0. Let l = 32 - v. List the prime factors of 1*3 - (l + -92).
3, 31
What are the prime factors of (14280/1470)/((-5)/(910/(-4)))?
2, 13, 17
Let f(n) = 2021*n**2 - 22*n - 47. List the prime factors of f(-2).
8081
Let l be (-3)/(-6) - (-7)/42*-15. What are the prime factors of (3/(-12))/(l/4216)?
17, 31
Suppose -5*b = 4914*q - 4913*q - 12716, -2*b - 63445 = -5*q. List the prime factors of q.
7, 37
Suppose 35*g - 14279 = 1681. What are the prime factors of g?
2, 3, 19
Let v = -26 + 27. Suppose 0 + v = h. List the prime factors of -252*h/(-5 - (0 + -3)).
2, 3, 7
Suppose 30*w - 36756 = 12*w. List the prime factors of w.
2, 1021
Let d(v) = v**2 + 16*v + 18. Let j be d(14). Let x = j - 259. List the prime factors of x.
179
Suppose 30*z + 35 = 25*z, h - 3*z = 46018. List the prime factors of h.
7, 6571
Suppose 0 = -2*a + 4*c + c - 4, -5*a = 2*c - 19. Suppose 0*r - 40 = 4*i - 4*r, -r = a*i + 26. Let q = i - -66. List the prime factors of q.
3, 19
Let p = 36991 - 25862. List the prime factors of p.
31, 359
Let n be (-4)/((-32)/(-12))*1684/(-3). Suppose 6*u = n + 1318. What are the prime factors of u?
2, 3, 5
Suppose -8*s = 1374 + 1506. What are the prime factors of s/12*186/(-15)?
2, 3, 31
List the prime factors of 3 + 17/(-153)*-9*(9215 - -1).
3, 7, 439
Let d(n) = -707*n - 2424. List the prime factors of d(-37).
5, 47, 101
Let y(k) = -3 - 15*k**3 + 7 - 2185*k + 2*k**2 + 2190*k - 18*k**3. List the prime factors of y(-2).
2, 7, 19
Let p(l) = l + 14. Let h be p(-7). Suppose 0 = h*d + 1267 - 4130. List the prime factors of d.
409
Let x be 162/(-729) - 32/18. What are the prime factors of x*(-4)/(-2) - (0 - 227)?
223
Suppose 3*u + 9 - 15 = 0. Suppose 5*n - u*f - 81 = 0, 3*n - 6*n + 57 = -4*f. Suppose 5*p + 3*y = 135, 0 = 4*y - y + n. What are the prime factors of p?
2, 3, 5
Let a(t) = -26*t + 1. Let b = -52 + 47. Let q be a(b). Suppose 2*k - 4*i = 246, -4*k + 4*i + q = -3*k. What are the prime factors of k?
5, 23
Suppose 196 = -2*y - 94. Let s be (-8 - 2)/((-10)/y). Let a = 236 + s. List the prime factors of a.
7, 13
Let j = 0 - 17. Let u be (-8)/(-44) - (-13680)/(-99). Let k = j - u. List the prime factors of k.
11
Let f be (-88)/(-6) - 6/9. Suppose 1525 = -16*q + 46885. Suppose -23*y + q = -f*y. What are the prime factors of y?
3, 5, 7
Let x be -1*((-6)/(-12)*-124 + 3). Let d be 0 + (0 - -1) - -140. Let a = x + d. List the prime factors of a.
2, 5
Suppose 262*h = 285*h - 441715. List the prime factors of h.
5, 23, 167
Let q be (3 - -10) + 2 + -11. Suppose 2*j - 69 = 4*w - 3379, -5*w - q*j = -4144. What are the prime factors of w?
2, 3, 23
Let k(u) = -18*u**2 + 2*u + 14. Let h be k(7). Let s = h - -1483. What are the prime factors of s?
17, 37
Suppose 11*s = s + 40. Suppose o + 648 = 2*q - 3*o, o - 1251 = -s*q. List the prime factors of q.
2, 157
Let s = 26199 - 15814. What are the prime factors of s?
5, 31, 67
List the prime factors of (-2 + -6698)/(-1) + (42 - 37).
3, 5, 149
Let b be (2 - 2)/(3/15*5). Suppose b = -2*k - 45 + 13. Let l(p) = -p**3 - 16*p**2 - 7*p + 7. What are the prime factors of l(k)?
7, 17
Suppose 0 = -14*s + 15*s - 1516. Let p = s + -985. What are the prime factors of p?
3, 59
Let l(n) = 2*n**3 - 3*n**2 + 19*n - 31. Let p be l(11). Let d = p - 880. Suppose t - 5*i - 216 = 0, 5*t - i - d = -517. List the prime factors of t.
2, 3
Suppose 9*p - 11 = -11. Let m be (-4)/(3 + -5)*(p + 1). Suppose -4*h - 5*q + 703 = 0, 0*h - 3*q - 357 = -m*h. List the prime factors of h.
3, 59
Suppose -30575 = -22*v + 17077. What are the prime factors of v?
2, 3, 19
Suppose 0 = 4*b - 3*f - f - 20, 0 = 3*b + f - 15. Let x be 1*3/(-1)*(-1)/(-3). List the prime factors of 86 - b - (-2 + x).
2, 3, 7
Let b = -7065 - -7745. What are the prime factors of b?
2, 5, 17
Suppose -10*z = 2*z - 13908. Let o = z - 740. What are the prime factors of o?
419
Suppose -5*d = -m + 43, 7*m + 28 = -5*d + 3*m. Let z(n) = 10*n**2 + 17*n + 117. What are the prime factors of z(d)?
3, 23
Suppose -6*j + 64690 = 14650. List the prime factors of j.
2, 3, 5, 139
Let w(n) = -31*n + 60. Suppose -379*r = -371*r + 40. What are the prime factors of w(r)?
5, 43
Let u(t) = -31*t**2 + 52*t + 22. Let o(d) = 16*d**2 - 25*d - 10. Let c(j) = 5*o(j) + 2*u(j). List the prime factors of c(7).
3
Suppose 5*x - 30 = 2*s, 9 = -3*x + 4*s + 13. Suppose 0 = 25*w - x*w - 12087. List the prime factors of w.
3, 79
Suppose -16*p = -17*p - 116*p + 3231306. What are the prime factors of p?
2, 3, 4603
Let s(f) = f - 12. Let i be s(16). Suppose -t + i*t + 44 = 2*g, 4*t = 3*g - 57. List the prime factors of (-2166)/t - 3/9*-2.
11
Suppose 21084 = 16*d + 4588. Let a = 2092 - d. List the prime factors of a.
1061
Let i = -36 + 36. Let d(u) = -6 + 1 + i + u**2 - 2 + 8*u. What are the prime factors of d(-12)?
41
Let b(m) = -29*m + 1074. List the prime factors of b(4).
2, 479
Suppose 18 = 32*f - 26*f. Suppose -l = -f, -3*h = -4*l - 2897 - 1201. List the prime factors of h.
2, 5, 137
Suppose -2*h = -3*m - 3257, 4*h - 4575 = -5*m + 1906. What are the prime factors of h?
2, 7, 29
Let r = 32158 + -49. List the prime factors of r.
3, 7, 11, 139
Let d(o) = 392*o**2 + 91*o - 33. List the prime factors of d(6).
3, 5, 13
Suppose -x - 152*o + 158*o = -6822, 3*x + 5*o = 20489. What are the prime factors of x?
2, 3, 569
Let j(h) = 5*h + 19. Let m be j(-5). Let x be m/10 - (-6)/10. What are the prime factors of (3 - (6 - x)) + 123?
2, 3, 5
List the prime factors of (-4 - 5118/21)/((-98)/8232).
2, 3, 17
Suppose -569*x + 578*x - 3672 = 0. List the prime factors of (1 - 1513/(-5))/(x/1020).
3, 11, 23
Suppose -5*h = 2*a + 56570 - 259738, 0 = -5*a - 5. List the prime factors of h.
2, 11, 1847
Suppose -q - 3*o = -1450, -7*o = -9*o. Suppose -3*c + 3*t + q = -92, -2520 = -5*c - 5*t. List the prime factors of c.
509
Let x be (64/(-6))/(-4) + (-3)/(-9). Suppose -x*d + 730 = 3*f - 116, 5*d = -2*f + 1398. Let y = d + -183. What are the prime factors of y?
5, 19
Suppose -2*t - f + 7035 = 1766, 0 = 2*t - 5*f - 5215. List the prime factors of t.
2, 5, 263
What are the prime factors of 50025552/828 + (-1 - (0 - (-10)/(-6)))?
2, 17, 1777
Let q = 80 - 44. Let k = q - 24. List the prime factors of ((-5)/10)/((-2)/k).
3
Let k(h) = h**3 + 23*h**2 + 24*h + 34. Let n be k(-22). List the prime factors of n/30*3216/(-2).
2, 67
Let b(v) = v**2 + v + 68. Let q be 3/(-6)*-110 - -1. Let d = -56 + q. List the prime factors of b(d).
2, 17
Suppose 62*l + 126*l - 14868628 = -56*l. List the prime factors of l.
60937
Let n = -748 - -483. What a